ose 0 = 9*l - v*l - 324. List the prime factors of l.
3
Let i(f) = f - 4. Let y be i(13). Let x(c) = 56*c + 28. Let l be x(y). Suppose 0*u = 3*u, -4*d + l = 4*u. List the prime factors of d.
7, 19
Suppose 0 = 147*z - 146*z - 20. List the prime factors of ((-435)/z)/((-3)/48).
2, 3, 29
Suppose -20*v = -53*v + 69927. Suppose v = 4*f + k, 0 = -2*k + 11 - 5. List the prime factors of f.
23
What are the prime factors of -1 + (-111)/148 + 70053/12?
2, 1459
List the prime factors of 1/(-9) - (7 + 671670/(-162)).
4139
Let r(s) = -s**3 + 69*s**2 + 174*s - 48. What are the prime factors of r(66)?
2, 3, 1021
Let l = 2776 - 1159. Suppose o = 4*c - l, -o + 3 = 8. What are the prime factors of c?
13, 31
Suppose 8 = 6*c - 4*c - 4*z, 0 = 5*z + 20. List the prime factors of -8*(c - (4 + -6))*46.
2, 23
Let w(t) = -16*t - 2 + 0 - 11*t**2 + 13*t**2 + 63*t. Let a be w(-23). What are the prime factors of -5*((-15)/a + -4)?
17
Let k = 1146 - 250. What are the prime factors of (-15)/(360/k)*-18?
2, 3, 7
Let x = 1 + 329. Suppose x = -4*k + 2078. What are the prime factors of k?
19, 23
List the prime factors of 13/(-117)*-192*3621/4.
2, 17, 71
Suppose 0 = 6*s - 8*s + 4. Suppose -s*y = -y - 2*v + 1, 4*y - 5*v - 5 = 0. Suppose -68 = 2*u - y*b - 237, -2*b + 263 = 3*u. List the prime factors of u.
3, 29
Let t = -1572 + 4759. Suppose -7*u = -82 - t. What are the prime factors of u?
467
Let l(f) = -f**2 - 10*f - 6. Let k be l(-9). What are the prime factors of (k - (6 + 30))*47/(-3)?
11, 47
Suppose -30*x = 4349 - 15929. Suppose -p + x = m - 402, -p = 4*m - 3167. List the prime factors of m.
13, 61
Let c(d) be the second derivative of -d**5/20 - 7*d**4/12 + 3*d**3/2 + 5*d**2 - 20*d. Let g be c(-8). Suppose -1 = g*i - 85. What are the prime factors of i?
2, 3, 7
Let j(o) = -o**3 - 12*o**2 - 21*o. Let i be j(-2). Suppose i*n - 90 - 678 = 0. What are the prime factors of n?
2, 3
Suppose 1 = 12*k - 11*k. Let p be 972/48 + k/(-4). What are the prime factors of (-300)/(-40)*p/3?
2, 5
Suppose 2*u - 2*q = -0*q + 4, -3*u + 24 = 3*q. Suppose -u*n + 1807 = -198. Suppose -11*w + 4*a = -7*w - 524, 3*w + 5*a = n. List the prime factors of w.
2, 3, 11
Let q be (451 - 6) + (1 - 1). Let m = q - 31. List the prime factors of m.
2, 3, 23
Suppose 0 = -2*z + z - 7. Suppose -202 = -4*m + 3*j, -3*j - 55 = 5*m - 321. Let n = m + z. What are the prime factors of n?
3, 5
Let c = -777 - -784. Suppose c*w = 2*a + 4*w - 570, 3*w + 1425 = 5*a. List the prime factors of a.
3, 5, 19
Let t = 72 - 70. Let p(j) = t*j**2 - 27*j - 4*j**2 - 25 + j**2. What are the prime factors of p(-12)?
5, 31
Suppose 28*g = 30*g - 16819 - 5671. List the prime factors of g.
5, 13, 173
Let z be (0 - 156/(-8))*2. Let i = z + -7. Suppose i + 18 = d. List the prime factors of d.
2, 5
Suppose -12*m - 210 = 5*w - 16*m, 0 = w - m + 42. What are the prime factors of w/(-56)*908/3?
227
Let c = 8087 + -8296. Suppose 5*o - 793 = 1317. Let z = c + o. What are the prime factors of z?
3, 71
Let v = 881 - -2685. List the prime factors of v.
2, 1783
Let s = 3 + 3. Let g(x) = 155*x**3 - 6*x**2 + 13*x - 1. Let v be g(2). Suppose s*d + 77 - v = 0. What are the prime factors of d?
2, 97
Let l = 6072 - -4678. List the prime factors of l.
2, 5, 43
Suppose -l + 2666 = y, 3*y = 2*y - 5. Suppose -10*j - 3*i = -14*j + l, -2667 = -4*j - i. List the prime factors of j.
23, 29
Let n(s) = -323*s + 105. Let y(l) = 159*l - 53. Let g(a) = -2*n(a) - 5*y(a). List the prime factors of g(-3).
2, 251
Let v be 3 + -1 + 4 + (-122)/2. Let l(q) = 10*q + 3. Let h be l(-4). Let f = h - v. List the prime factors of f.
2, 3
Let k(p) = 2*p**3 - 36*p**2 + 49*p - 102. What are the prime factors of k(28)?
2, 3, 5, 113
Let a = 152 + 4. Suppose -b - 4*t = -167 + 26, 0 = b - t - a. List the prime factors of b.
3, 17
Suppose 2*k + 227 = -x, 690 = -x - 2*x - 3*k. Let u = x + 340. What are the prime factors of u?
107
Let d(z) = z + 4 + 3*z**2 - z**2 - z**2. Let a be d(-2). Suppose 2*n = v + 12, -n + a = 8*v - 3*v. What are the prime factors of n?
2, 3
Let a = 1257 + 7237. Suppose -7*h + a - 115 = 0. What are the prime factors of h?
3, 7, 19
Let i(f) = 55*f - 2. Let g be i(1). Let j = -193 - g. List the prime factors of ((-3)/3)/(3/j).
2, 41
Let r = 13 + -24. Let h be -3*2/(-3) - (11 + r). Suppose 5*a - 144 = -h*v, -a + 120 = 3*a + 4*v. List the prime factors of a.
2, 7
Let i(a) = 207*a - 2482. List the prime factors of i(51).
5, 17, 19
Suppose -7*v + 8*v - 1380 = 0. Let n = v + -875. What are the prime factors of n?
5, 101
Suppose 72222 + 65094 = 26*r - 95696. List the prime factors of r.
2, 4481
Let l(f) = -18 + 0*f + 5*f - 4*f + 19. Let c be l(1). Suppose a + 5*d - c*d = 86, -175 = -2*a - 5*d. List the prime factors of a.
5, 19
Let a = -304 + 211. Let q = 95 + a. Suppose -q*k - 151 = -571. List the prime factors of k.
2, 3, 5, 7
Suppose -8*b + 814 = -6*b. Suppose 98*n - 109*n + b = 0. What are the prime factors of n?
37
Let m be (6078/(-12))/(-3 + (-15)/(-6)). Suppose 13*o - m = 19306. List the prime factors of o.
3, 521
Let a(w) = 2*w + 28 + w - 5*w + 0*w. Let i be a(13). Suppose -4*d + 20 = 0, -i*d + 66 = v + d. What are the prime factors of v?
3, 17
Let o = -10673 - -38510. List the prime factors of o.
3, 1031
Let y = -29 + 32. Suppose 0 = 5*l + 2*f - 854, -y*l + 191 = -5*f - 340. Suppose 3*x = 7*x - l. What are the prime factors of x?
43
Let k(t) = 1889*t**2 + 102*t + 206. What are the prime factors of k(-2)?
2, 3779
List the prime factors of (-1 - -14748) + (-28)/(-2) + 522/(-58).
2, 461
Let v(d) = -93*d + 11808. What are the prime factors of v(-125)?
3, 73, 107
Let p = 27 + -24. Suppose 51 = -3*u - 2*t, p*u - t + 57 = -u. List the prime factors of (-10)/((u/(-5))/(-33)).
2, 5, 11
Let o(z) = 5669*z**2 - 6*z + 1. Let k be 2/(-6)*(-15)/((-15)/(-3)). Let n be o(k). Suppose -n = -15*u - 2364. List the prime factors of u.
2, 5, 11
Let u(q) = q**3 + 14*q**2 - 27*q - 9. Let h(w) = w**3 + 18*w**2 + 23*w + 89. Let d be h(-17). List the prime factors of u(d).
7, 73
Let o = -5072 + 2682. Let r = -1686 - o. List the prime factors of r.
2, 11
Let i = -5157 + 41369. List the prime factors of i.
2, 11, 823
Suppose -5*y - 342 - 113 = 0. Let s = -54 - y. What are the prime factors of s?
37
Let d be (1 + -3)/((-7)/8 - -1). Let z(w) = 2*w**2 + 23*w + 74. What are the prime factors of z(d)?
2, 109
Let h be -1 - -702 - (-6 - -5). Suppose -5*v + 8*v + 2*r + h = 0, 0 = 2*v + r + 467. What are the prime factors of -2 - 0 - (v + (1 - 7))?
2, 59
Let b(h) be the first derivative of h**4/2 + 14*h**3 - 3*h**2 - 32*h + 39. What are the prime factors of b(-21)?
2, 47
Let m be -5 - (6/(-3) - 0) - 1377. Let w = 2529 + m. List the prime factors of w.
3, 383
Let r(o) = -3*o**2 - o + 35. Let m be r(-7). Let f = -102 - m. Suppose 5*j + f*s + 338 = 10*j, 271 = 4*j - 3*s. List the prime factors of j.
67
Let a(b) = 6*b**2 - 114*b + 44. What are the prime factors of a(-6)?
2, 59
Let g = -90 + 80. Let k be g/(-5) + 2 + -99. Let f = -84 - k. What are the prime factors of f?
11
Let q(f) = 236*f**2 - 98*f + 586. What are the prime factors of q(6)?
2, 31, 137
Let t be (-1 - 2) + (-15440)/16. Let w = -511 - t. List the prime factors of w.
457
List the prime factors of ((19 + -20)*2741)/(1 + -2).
2741
Let q(u) = 6*u**3 + 13*u**2 - 18*u - 13. Let j be q(-7). Let c = -680 - j. List the prime factors of c.
2, 157
Let c(o) = -51*o**3 - 23*o**2 - 6*o - 10. List the prime factors of c(-6).
2, 5107
Suppose 431 = -3*v + 1580. Suppose -21*f = -22*f + v. Suppose 3*i - 2*d - 230 = 0, -5*i + d + 2*d + f = 0. What are the prime factors of i?
2, 19
Let u = -28394 + 50739. What are the prime factors of u?
5, 41, 109
Suppose 3*f + 2*d = -105, 2*f + 3*d + 73 = 3. Let a = -175 + 281. What are the prime factors of (-3 + f/(-10))*a?
53
Let v(r) be the second derivative of 2*r**4/3 + 25*r**3/6 + 3*r**2 + r + 39. What are the prime factors of v(-10)?
2, 139
Let z(m) = -m**2 - 16*m + 20. Let a be z(-17). Let p(b) = a*b + 18 + 9*b + b + b**2 - 9*b. What are the prime factors of p(10)?
2, 79
Let p be 4/20*5 - 1 - 3. What are the prime factors of p/(-2*(-4)/(-1448))?
3, 181
Let j = -115 + 71. Let s = j - -42. Let q(y) = -28*y + 6. What are the prime factors of q(s)?
2, 31
Let q(c) = 80*c**2 + 2*c + 8551. List the prime factors of q(0).
17, 503
